 p. What is the units digit of w?
8
Let h = -5 - 1. Let o(a) = -a**2 + a - 1. Let q(g) = -g**3 + 2*g**2 - 3*g + 9. Let v(u) = h*o(u) + q(u). What is the units digit of v(7)?
1
Suppose -2*s + v + 3*v = -26, 2*s + v = 6. Let f be 10 - 3/(s + -2). Let u = 6 + f. What is the units digit of u?
5
Suppose -40862 + 4046 = -2*x. What is the thousands digit of x?
8
Suppose 15*s - 14*s = 5*h - 1880, 0 = -3*h - s + 1136. Let f = 564 - h. What is the tens digit of f?
8
Let f = 9782 + -5194. What is the tens digit of f?
8
Let y = -24 - -29. Suppose -y*m = -2*m - 75. Suppose 2*w + m = 155. What is the tens digit of w?
6
Let j = 212 + -67. Suppose 629 = 4*h - 355. Let n = h - j. What is the units digit of n?
1
Suppose -4*a + 51936 = 4*q, -2*q + 7*q + 20 = 0. What is the hundreds digit of a/20 + 32/(-80)?
6
Let r(d) = -18*d + 5. Let t be r(-4). Let q(c) = c**2 + 143*c - 136. Let j be q(-144). Let s = t - j. What is the units digit of s?
9
Let u be -5*(126/30 + -3) - -1248. Suppose 0 = -2*s - 2*n + 7*n + 2497, s = -4*n + u. What is the hundreds digit of s?
2
Let d(l) = 136*l**2 - 655*l + 2609. What is the thousands digit of d(4)?
2
Let d = -62 - -67. Suppose -3*k = 2*z - 670, -5*z - 924 = k - d*k. What is the tens digit of k?
2
Let t(v) be the first derivative of 9 - 7/3*v**3 + 15*v + 10*v**2 - 1/4*v**4. What is the tens digit of t(-10)?
1
Let y(w) = w**3 + 16*w**2 + 31*w + 43. Let s be y(-14). What is the units digit of (1 + 433 - -1)*s?
5
Let i be 8/(-4)*(-3 - -1). Suppose 798 = v + 2*o, i*o - 895 = 4*v - 4027. What is the tens digit of v?
8
Let p = 46 + -43. Let i(v) = 9*v + 52. Let g(x) = -7*x - 53. Let f(m) = p*g(m) + 4*i(m). What is the hundreds digit of f(11)?
2
Let m be (-5 - 1) + 5 - 14. What is the hundreds digit of (9/(-6))/(m/1120)?
1
Let w(n) be the first derivative of 7*n**4/2 + 2*n**3/3 - 4*n**2 - 6*n - 72. What is the hundreds digit of w(3)?
3
Suppose -2*b + 3*v - 14 = 0, -5*b + 15 = 5*v - 0*v. Let z(y) = -192*y - 2. What is the hundreds digit of z(b)?
1
Let w = 5679 - 830. What is the hundreds digit of w?
8
Suppose -14*b + 4*b - 2410 = 0. Let v = b - -447. What is the units digit of v?
6
Suppose -42 = 15*t - 22*t. Suppose -2*f = -3*n + 3476, -9*n + t*n + 5*f + 3479 = 0. What is the thousands digit of n?
1
Let o = -215 - -217. Suppose o*p - f - 523 = 146, 0 = -3*p + 4*f + 1006. What is the units digit of p?
4
Suppose -3475*z + 25488 + 8240 = -3471*z. What is the thousands digit of z?
8
Suppose -1240 = -4*z - 2*j, -2*j + 18 - 328 = -z. Let s = z - -1342. What is the hundreds digit of s?
6
What is the thousands digit of 4*6/(-36) - (-55896)/9?
6
Let i(a) = 3*a**3 - 83*a**2 + 111*a + 245. Let z(o) = 4*o**3 - 125*o**2 + 167*o + 367. Let x(q) = 7*i(q) - 5*z(q). What is the units digit of x(-45)?
5
Let t be (-17)/2*-10 + -4. Suppose s - 6*s - 5*q = -390, 0 = -s - 2*q + t. Suppose 5*c + 0*c = s. What is the tens digit of c?
1
Suppose -f - 4*z + 13 = -3, 0 = 4*f - z - 13. Suppose 3*p - 4*v + 2*v = 3688, v = f. What is the tens digit of 4/(-3) - p/(-33)?
3
Suppose 247 = -9*o - 176. Let y = o - -47. Suppose y = 2*g - 3*g + 21. What is the tens digit of g?
2
Suppose 2*n + 2*g - 12 = 0, 3*n - 30 = 4*g - 5. Suppose 0 = -f - 4*p + 103, 3*p - n*p = -4*f + 352. What is the units digit of f?
1
Let n = 64271 - 31220. What is the units digit of n?
1
Let b(w) = -7*w + 4. Let t be b(2). Let r(g) = -g**3 - 10*g**2 - 10. Let m be r(t). Let i(d) = d**2 + 7*d - 7. What is the tens digit of i(m)?
2
Let k(r) = r**3 - 8*r**2 + 3*r + 37. Let z be k(7). Let t(a) = 21*a - 77. What is the hundreds digit of t(z)?
1
Suppose -17*b - 27*b - 572 = 0. Let d = b - -172. What is the units digit of d?
9
Let r(v) = 146*v**2 + 172*v + 1856. What is the tens digit of r(-10)?
3
Suppose -2*i - 2*o = -1424, -3*i + 5*o - 307 = -2459. Suppose i = 9*g - 2*g. What is the units digit of g?
2
Suppose 9*z = 5*z - 12, -s + 5581 = -4*z. What is the units digit of s?
9
Suppose -3*v = -5*j - 9560, 41*j = 2*v + 46*j - 6415. What is the units digit of v?
5
Suppose -131*u + 127*u - 944 = -2*q, -q = -5*u - 484. What is the units digit of q?
4
Suppose -3*a + 4*t = -1971, -t = 6*a - 5*a - 664. Suppose 3*i = -2*f + 727, 0 = -5*i - f + a + 553. What is the units digit of i?
3
Suppose -241258 = -30*i + 50822. What is the thousands digit of i?
9
What is the hundreds digit of (6580/(-49))/((-9)/378)?
6
What is the hundreds digit of ((-34)/8)/((-31)/992)?
1
What is the units digit of (36 + -4)*(13 + 154)?
4
Suppose -5*o = -o + 2*r + 22, 5*o + 2*r + 29 = 0. What is the hundreds digit of 221 - ((7 - -4) + o)?
2
Let b(l) = 4*l**2 + 21*l - 12. Let d be b(-11). Suppose n + 2*i = d, -4*i - 723 = -3*n - 3*i. What is the hundreds digit of n?
2
Suppose 4*t + 5*j + 5772 = 10*j, t - 4*j = -1432. Let g = t - -2186. Let x = -491 + g. What is the tens digit of x?
4
Suppose 19*y = 14*y. Let h be (y - -20)/4 - 7. What is the units digit of (h - -2) + (-308)/(-2)?
4
Let n = 377 + -126. Let s = n - 161. Suppose 3*p = 8*p - s. What is the tens digit of p?
1
Let f(m) = 3*m**2 + 7*m + 5. Suppose -5*j - 11 + 1 = 0. Let v be f(j). Suppose -2*q - v*a = a - 308, 2*a + 794 = 5*q. What is the hundreds digit of q?
1
Let l(h) = -9*h + 130. Let q(a) = -8*a + 135. Let b(x) = -3*l(x) + 4*q(x). What is the tens digit of b(14)?
8
Let x(l) = 5*l - 2*l - 2*l + 6 + 34*l**2 + 53*l**2. What is the tens digit of x(-2)?
5
Let k(q) = 4*q**2 + q + 6. Let z be k(3). Suppose -z*p + 290 = -40*p. What is the units digit of p?
8
Let h = -57629 - -151326. What is the thousands digit of h?
3
What is the units digit of 4/(-10) + (-4466064)/(-885)?
6
Let i(h) = 13*h + 22. Let g be i(-2). What is the tens digit of -10 - g - (1956/(-4) + -1)?
8
Let v = 8568 + -697. Suppose 1759 = -8*h + v. What is the units digit of h?
4
Let p be 489 - (-1)/(5 + -4)*-5. Suppose -2104 + p = -3*g. What is the tens digit of g?
4
Let f(y) = 2*y + 11. Let x be f(-6). What is the tens digit of (4 - (-1)/x)*4025/69?
7
Let d(i) be the third derivative of i**5/60 - i**4/24 - 5*i**3/2 + 108*i**2. Let z be (-35)/(-4) - (-2)/8. What is the units digit of d(z)?
7
Let l = -274 - -277. Suppose 3*w = v + 1508, -2*w - l*v + 2*v = -1012. What is the tens digit of w?
0
Suppose 0 = -3*q - 34*j + 30*j + 27844, 2*q - 5*j = 18578. What is the units digit of q?
4
What is the units digit of 1 - (-91)/(-13) - -10829?
3
Suppose -4*j + 1679 = -3557. What is the hundreds digit of (j/7 - 6) + 2?
1
Let d = 115 - -109. Let t = d + -99. What is the hundreds digit of t?
1
Let m(s) = -13*s - 171. Let g be m(-13). What is the units digit of 806 + -1 + g + 0?
3
Let f = -14 - 33. Let t = 121 - f. What is the units digit of t?
8
Let p = 55666 + -27652. What is the thousands digit of p?
8
Let w = -302 + 306. Suppose 3*m = w*q - 2658, -5*q + 3*q - 2*m + 1322 = 0. What is the tens digit of q?
6
Suppose -62 = -7*t + 5*t. Suppose 0 = 5*j - 5, 2*l = -l + 4*j - t. Let x = 52 - l. What is the units digit of x?
1
Let r(j) be the third derivative of -23/3*j**3 + 46*j**2 + 7/20*j**5 - 7/12*j**4 + 0*j + 0 - 1/120*j**6. What is the units digit of r(20)?
4
Let f(q) = 858*q**2 + 37*q - 52. What is the tens digit of f(2)?
5
Let t(y) = -y**2 - 17*y + 46. Let k be t(-19). Let i(d) = 19*d**2 - 4*d + 102. What is the units digit of i(k)?
6
What is the ten thousands digit of (2396/12)/(3/(-2160)*-8) - -5?
1
Let v = 20 - 15. Suppose 3*j + 4*h - 2681 = 0, 5*j - v*h - 5192 = -712. What is the tens digit of j?
9
Let d(x) = 2*x + 6. Let c be d(-6). Let z be 0 + ((-12)/14)/(c/21). What is the units digit of (11/z)/(0 + 3/9)?
1
Suppose 2*p = -m + 13004, 0 = 3*m - p + 2101 - 41071. What is the tens digit of m?
9
Suppose 0 = 6*n + 228 - 4020. Suppose -n = 2*q - 3668. What is the units digit of q?
8
Suppose -2*m + 855 = 5*t + 2603, 5*t + 1732 = 2*m. Suppose -5*n - 926 + 3706 = 0. Let i = n + t. What is the hundreds digit of i?
2
Let d be (5418/4)/(117/(-26) + 5). Suppose -9*l + 369 = -d. What is the hundreds digit of l?
3
Let j(t) = 10111*t**2 + 242*t. What is the thousands digit of j(-1)?
9
Let f be 2*(-5 + -2 + 14). Suppose 4230 = f*r - 5*r. What is the tens digit of r?
7
Let d(b) = -2*b**3 - 70*b**2 + 357*b + 23. What is the hundreds digit of d(-40)?
7
Suppose 0 = -k + 7, -4*w - 87633 = -7*w - 3*k. What is the tens digit of w?
0
Let f(y) = -y**